5*c = 2*z - 18909. What is the hundreds digit of z?
4
Suppose 5755 = a + y, -5*a + 28817 = -31*y + 29*y. What is the tens digit of a?
6
Let j(a) = -a**2 + 6*a - 7. Let i be j(5). Let y be (i + -10)*(-165)/4. Suppose y = 2*v + v. What is the hundreds digit of v?
1
Suppose -52*w - 45288 = -56*w. Suppose -40*a + 70242 = w. What is the hundreds digit of a?
4
Let i be (0 - 9/(-6)) + 3/2. Suppose 0 = 4*a - i*q - 364, 3*q + 115 + 67 = 2*a. What is the units digit of a?
1
Let q(t) = 130*t**3 - t**2 - t - 1. Let u be q(-1). Let o = u + 50. Let d = o - -217. What is the hundreds digit of d?
1
Let x = -67 + 92. Suppose -5*d = -5*k + x, d + 4*d - 20 = -4*k. Suppose b - 3*b + 234 = d. What is the hundreds digit of b?
1
Let c(n) = n**2 - 2*n - 12. Let w be c(-5). Let h(i) = -i**3 + 25*i**2 - 48*i + 53. What is the units digit of h(w)?
7
Let c = 2052 + -373. Suppose q = -v + 864 - 24, -2*v + c = q. What is the units digit of v?
9
Let c(y) = 113*y + 17. Suppose 5*u - 12 - 18 = -5*k, 3 = k. What is the units digit of c(u)?
6
Let g = -6703 - -13096. What is the tens digit of g?
9
Let v(t) = 6*t + 11. Let k be v(-4). Let n = k + 131. What is the units digit of n?
8
Suppose 5*y - 5 = 0, a - 4*y - 2 = -4. What is the tens digit of (83 + 4 - 3) + a?
8
Let i(h) = -h**2 + 46*h + 29. Let w(j) = j**2 - 23*j - 14. Let b(t) = 2*i(t) + 5*w(t). Let s be (52/5 - -1) + (-10)/25. What is the units digit of b(s)?
8
Let l = 1696 + -952. What is the tens digit of l?
4
Let x(w) = 6*w**3 + 6*w**2 + 52*w - 40. What is the hundreds digit of x(20)?
4
Let d = -61901 + 120625. What is the thousands digit of d?
8
Let o be (-38)/(-9) - (-10)/(-45) - 0. Suppose 2*b = o*i + b - 1389, 336 = i - 4*b. What is the units digit of i?
8
Suppose 788 = c - 3*s - 96, -4*s = 3*c - 2678. Suppose -5*v - 2*l = -c - 4159, 4*v - 2*l - 4032 = 0. What is the units digit of v?
9
Suppose 31*o = 59*o - 53*o + 428800. What is the tens digit of o?
5
Suppose 3*a - 6*a - 4*b + 82 = 0, 0 = 2*b + 4. Suppose 423*g - 422*g = -a. What is the units digit of 12/g + 3968/20?
8
Suppose 5333 = 5*w - p, 3*w - 3*p - 4837 = -1630. What is the units digit of w?
6
Suppose -636 = -10*o + 564. Suppose -o = -16*f + 12*f. What is the units digit of (f/9)/((-2)/(-51))?
5
Suppose p + 107 - 100 = 0, 3*l + 2*p = 8125. What is the units digit of l?
3
What is the hundreds digit of (55 - 22)*226/6?
2
Suppose 12*w - 27546 = 222738. What is the tens digit of w?
5
Suppose 1262839 = 55*b - 459321. What is the hundreds digit of b?
3
Let u = -20130 + 29212. What is the tens digit of u?
8
Let s(k) = -38 - 15 - 2*k + 145 - 26 - 13. Let h(l) = -27*l + 1. Let j be h(1). What is the units digit of s(j)?
5
Suppose -5*c - q - 1 = 56, 3*c = -q - 35. What is the tens digit of 3929/11 + ((-10)/c)/(-5)?
5
Let v = 4010 + 5840. What is the units digit of v?
0
Suppose 17*o - 3*z - 42204 = 6*o, -z = 3*o - 11512. What is the tens digit of o?
3
Suppose 57 = i + 43. Let m(l) = 3*l**2 - 9*l + 21. What is the hundreds digit of m(i)?
4
Let q = 26201 - 7073. What is the hundreds digit of q?
1
Suppose 2*p + 2*b = 6*b + 176, 4*p - 2*b - 358 = 0. Let m be 36/p - -1*(-2)/5. Suppose 7*a - 267 = 3*a - d, m = 4*a - 4*d - 292. What is the tens digit of a?
6
Let g(x) = 33*x - 206. Let c be g(7). Suppose 5*d - 5 = 4*b, d = 5*b - 32 + 12. Suppose -5*z - b*u + c = 0, 2*z - 3*u + 3 = -z. What is the units digit of z?
2
Let q(a) = -559*a - 20. Suppose 8*c = 30 - 38. What is the hundreds digit of q(c)?
5
Let l(t) = -7*t + 19. Let v be l(3). What is the tens digit of (-1)/v*9/(81/4950)?
7
What is the tens digit of 12 + 448/(-40) + 35166/5?
3
Suppose 0 = 2*m - 4*d - 12, 6*d - 12 = -4*m + 2*d. Let z = -1 - m. What is the tens digit of z*(-2)/45 - 2728/(-36)?
7
Suppose 16127694 = 170*z + 172*z. What is the units digit of z?
7
Let c(b) = 797*b**2 + 15*b + 44. What is the hundreds digit of c(-4)?
7
Let a = -3834 + 8033. What is the tens digit of a?
9
Suppose 0 = -14*s + 12*s + 13908. What is the thousands digit of s?
6
Let j be ((-23575)/(-100))/((-2)/(2*4)). Let i = j - -1346. What is the tens digit of i?
0
Let n = 46996 - 30175. What is the hundreds digit of n?
8
Let y be 3 + -1 + (7 - 4)*1. What is the tens digit of 4190/5 + (19 + y)/(-6)?
3
Suppose 115*p - 106*p = -12933. Let u = p + 2518. What is the units digit of u?
1
Let t = 6784 + 1256. What is the tens digit of t?
4
Suppose 15*u + 9991 = 3226. Let k = 61 - u. What is the units digit of k?
2
Suppose 28*h - 289432 = -10*h + 105312. What is the tens digit of h?
8
Let z(h) = 13*h**2 + 12. Suppose 16 = -10*s - 14. What is the units digit of z(s)?
9
Suppose -14*l + 9216 = -7738. What is the units digit of l?
1
Let r = 192 + 181. Suppose 3*g - 4*g = 5*h - 80, -2*h = -5*g + r. Let l = g - -13. What is the units digit of l?
8
Let p be (-7 + 9 + -5)*-1. Suppose 2946 = 3*b + 2*l, -p*l + 8*l = 3*b - 2925. What is the hundreds digit of b?
9
Suppose -5*y = 20, -106*d + 107*d - y = 40105. What is the hundreds digit of d?
1
What is the hundreds digit of 4/(-8) + (-2)/(248040/62013 + -4)?
3
Let y = 8 - 5. Suppose 145*h - 143*h - 97 = -3*o, 2*o - 66 = -2*h. Let n = o - y. What is the units digit of n?
8
Let r be 3 + (-96)/(-3) - 2. Let g(q) = -15*q + r - 30 - 28 - 27. What is the units digit of g(-17)?
3
Let z = 181 + -175. Suppose -k = 3*l - 10, -4*k - z = -l - 7*k. What is the units digit of l?
3
Suppose 11736 = 5*o + 2*a, -o + a + 120 = -2230. Suppose -o - 2098 = -6*t. What is the units digit of t?
1
What is the thousands digit of -9*(-338980)/153 + 1*(7 + -2)?
9
Let v = -321 + 878. Suppose c = -4*o + v, 3*o + o = -3*c + 559. What is the hundreds digit of o?
1
What is the thousands digit of (-1)/3 - (2 - 491924/69)?
7
Let u(f) = 11780*f + 2012. What is the tens digit of u(4)?
3
Suppose 4*z + 9991 = f + z, -f - 4*z + 9956 = 0. What is the units digit of f?
6
What is the tens digit of 296/(-666) + 69781/9?
5
Let u = -12602 - -18194. What is the units digit of u?
2
Let p(k) = 6*k**2 - 14*k + 16. Let m be p(11). Let z = m + -408. Suppose 0 = 7*s - z - 177. What is the tens digit of s?
5
Suppose -2*f + 5*u = -29, -4*u + 2 = 22. Suppose -4*w + 59 = -3*g, -g - 9 = f*w + 2*w. Let o = -12 - g. What is the units digit of o?
5
Let r(b) = 8*b**2 + 25*b + 219. What is the units digit of r(-32)?
1
Suppose -4*n = -v + 53, 0 = -5*n + 6*n - 2*v + 8. What is the units digit of (-45)/(-5) + n - -1417?
2
Suppose -407*f - 23346 = -425*f. What is the thousands digit of f?
1
What is the tens digit of 3 + 1 + (-4)/(-34) + (-473714)/(-1802)?
6
Let p(u) be the first derivative of -2*u + 2/3*u**3 + 1/4*u**4 + 3 - u**2. What is the tens digit of p(3)?
3
Let w(a) be the first derivative of a**4/4 + 7*a**3 + 53*a**2/2 + 15*a - 75. What is the tens digit of w(-15)?
7
Let i(w) = -3*w + 102. Let a(k) = 2*k - 150. Let f(m) = -3*m + 151. Let b(d) = -2*a(d) - 3*f(d). Let l(o) = -5*b(o) - 7*i(o). What is the units digit of l(0)?
1
What is the hundreds digit of ((-6)/3)/(16/(-229528))?
6
Suppose 0 = -5*n - 5*j + 190, -n + 5*n + 3*j = 149. Suppose -317 = 8*q + n. What is the units digit of 2/4 - 4026/q?
2
What is the hundreds digit of (-3 + (-92)/(-3))/(3 + 2616/(-873))?
0
Suppose 0 = -3*o + 7*o - 3*o. Suppose -2*b - u + 5 = 0, 2*b + 2*b + 5*u - 1 = o. Suppose 0*c = b*c - 620. What is the units digit of c?
5
Suppose -739956 = -87*a + 299*a - 2094212. What is the tens digit of a?
8
Let b be (2 - 24/(-9)) + (-14)/21. Suppose -b*f + 0 = -64. What is the units digit of f?
6
Let q(k) = 2*k**2 - 27*k - 30. Let t be q(15). Suppose 3*b = t, 4*x + 3*b - b = 794. What is the hundreds digit of x?
1
Suppose -237 = 18*q - 903. Suppose q + 398 = 3*g. What is the units digit of g?
5
Suppose -5*g + 5*m + 50 = -0*g, 3 = -3*m. Suppose 12*b = g*b + 1623. What is the tens digit of b?
4
Suppose 47*j = p + 49*j - 9433, 0 = 5*p - 5*j - 47120. What is the hundreds digit of p?
4
Suppose 133*l - 217645 = 38*l. What is the hundreds digit of l?
2
Suppose 37*s - 402428 = 127856. What is the ten thousands digit of s?
1
Let d = -1389 + 6400. What is the hundreds digit of d?
0
Suppose 612*i = -139*i + 3879842 + 30922249. What is the units digit of i?
1
Suppose -18 = -27*m + 21*m. Suppose -12*b + 4395 = m*b. What is the units digit of b?
3
Suppose -105568 = -12*d + p, 2*d - p - 13780 - 3818 = 0. What is the 